 - -1?
2391396
In base 6, what is 133 - 41142320?
-41142143
In base 6, what is 122030 - 1055?
120531
In base 10, what is 91906387 - -8?
91906395
In base 2, what is 10010110011011 - -10110100?
10011001001111
In base 4, what is -11 - 33302012032?
-33302012103
In base 9, what is -310 + 34407?
34087
In base 15, what is -18db7 - 7d?
-18e45
In base 6, what is -13 + -32002542?
-32002555
In base 11, what is 5 - -4776512?
4776517
In base 15, what is -3506b2 - 0?
-3506b2
In base 15, what is -122291 + -1d?
-1222ae
In base 12, what is 415 + 6863?
7078
In base 5, what is -23 - -31102441013?
31102440440
In base 9, what is 212366372 - -3?
212366375
In base 12, what is 138811 - -67?
138878
In base 7, what is 41051 - 665?
40053
In base 9, what is 122 + -2508212?
-2508080
In base 12, what is 1 + 345aa7b1?
345aa7b2
In base 2, what is 101 + -11011010111001101010100010?
-11011010111001101010011101
In base 7, what is 12126 + -22244?
-10115
In base 11, what is -54a343 + -162?
-54a4a5
In base 8, what is 1711224713 - -4?
1711224717
In base 2, what is -1010111000001 + -11011001101?
-1110010001110
In base 16, what is 2079 + -2fa?
1d7f
In base 14, what is 9 - 101bba59?
-101bba50
In base 12, what is -3 - b99099a?
-b9909a1
In base 5, what is 1204122 + 111403?
1321030
In base 10, what is 4357710 - 0?
4357710
In base 9, what is -17325 - -20?
-17305
In base 10, what is -173 - 438963?
-439136
In base 13, what is 782 - 31a9a?
-31318
In base 14, what is -238c987 + 3?
-238c984
In base 6, what is 51 - -513105?
513200
In base 13, what is 6a7 - 8104?
-772a
In base 12, what is -886 + -2466?
-3130
In base 15, what is e5902 + 757?
e6159
In base 8, what is -15521616 - 5?
-15521623
In base 5, what is -10 + -3331020?
-3331030
In base 2, what is 1001100010101001110 - 100001?
1001100010100101101
In base 2, what is 100110010100 + -10010000000100?
-1101001110000
In base 11, what is 56 + -32a864?
-32a809
In base 12, what is 13a73 + -4295?
b79a
In base 12, what is -196b601 + 25?
-196b598
In base 7, what is 254633 - 155?
254445
In base 15, what is 9c073 + -2d?
9c045
In base 10, what is 30512752 - 34?
30512718
In base 9, what is -122 + -130215?
-130337
In base 2, what is 1110101100 - 111100101100?
-101110000000
In base 10, what is -219558 + -55?
-219613
In base 5, what is 104221241334 + 0?
104221241334
In base 9, what is -565412 + -45?
-565457
In base 16, what is -3 - 22e7d4?
-22e7d7
In base 6, what is -411224022 + 5?
-411224013
In base 3, what is -1121000 - 1101110?
-2222110
In base 10, what is 426 + -26141?
-25715
In base 2, what is 11011001101101 + 1110001001?
11100111110110
In base 13, what is -1a + b632?
b615
In base 9, what is -170636024 + 5?
-170636018
In base 12, what is 4 - -1947420?
1947424
In base 15, what is 270 - b67a?
-b40a
In base 11, what is a7115 + -320?
a68a5
In base 6, what is 2 - -12511520?
12511522
In base 2, what is 1110100011000101000 + 11000?
1110100011001000000
In base 13, what is -13661188 + 10?
-13661178
In base 8, what is -164605341 - 5?
-164605346
In base 14, what is -16949073 - 5?
-16949078
In base 14, what is b2db890 + -3?
b2db88b
In base 11, what is -a7178386 + -5?
-a7178390
In base 2, what is -110 + 110110010110111010001?
110110010110111001011
In base 9, what is -4032 + 781?
-3141
In base 11, what is -2 + 46a8665?
46a8663
In base 13, what is -908 - -9825?
8c1a
In base 12, what is 22 + -139758?
-139736
In base 12, what is 21 + a955?
a976
In base 14, what is -4c56c - a?
-4c578
In base 9, what is 5 + -770142?
-770136
In base 3, what is 11102 + -10222200120122?
-10222200102020
In base 12, what is aaba6079 + -1?
aaba6078
In base 15, what is 4 + 1b8ee4?
1b8ee8
In base 15, what is 6 - -11347dca?
11347dd1
In base 15, what is 471 - -12bdc?
1315d
In base 12, what is 345746b - 14?
3457457
In base 16, what is 5 + 1318165?
131816a
In base 4, what is -11 - 10113302320330?
-10113302321001
In base 15, what is 4d2b7 - b?
4d2ab
In base 16, what is 1ce633 - 14?
1ce61f
In base 7, what is 1525302535 - 4?
1525302531
In base 10, what is -996 + 35563?
34567
In base 3, what is -11202020 - -211011100022?
210222121002
In base 4, what is 3222103 + 12102?
3300211
In base 10, what is 15514753 - -3?
15514756
In base 9, what is -2 + 10654174?
10654172
In base 9, what is 781056 + 371?
781437
In base 13, what is 8239 - 36c?
7b9a
In base 7, what is 5122 - -6203?
14325
In base 8, what is 11453011 + -2?
11453007
In base 2, what is 100001 + -110000101001001001?
-110000101000101000
In base 14, what is -13 + 2d060a?
2d05d7
In base 15, what is e3e664 - -1b?
e3e680
In base 15, what is -136 - -344e?
3318
In base 6, what is -11 - -14552441?
14552430
In base 6, what is -3 - 4010104222?
-4010104225
In base 4, what is -10321320233 - -10?
-10321320223
In base 5, what is 43404303212 + 3?
43404303220
In base 11, what is 30a9192 - 3?
30a918a
In base 12, what is -139869980 - 5?
-139869985
In base 10, what is -3255051 - -4?
-3255047
In base 4, what is 11 - -1230131311010?
1230131311021
In base 13, what is -2 - -c6c0c0?
c6c0bb
In base 10, what is -54396742 + 2?
-54396740
In base 7, what is -165114363 + 4?
-165114356
In base 15, what is 2e022 + 169?
2e18b
In base 2, what is 11010010101001 - -1000010100010?
100010101001011
In base 10, what is 872 + -4601?
-3729
In base 14, what is 312905 - -17?
31291c
In base 10, what is -196819 + 65?
-196754
In base 8, what is 2701403 - 44?
2701337
In base 4, what is -1301322320 - -120?
-1301322200
In base 4, what is -10032202 + -21222?
-10120030
In base 11, what is 5a90aa + -12?
5a9098
In base 12, what is -86a - 186a?
-2518
In base 4, what is -200320213313 + 10?
-200320213303
In base 12, what is -666 - -161b25?
16147b
In base 13, what is 939 - 43839?
-42c00
In base 12, what is -1730 + -2294?
-3a04
In base 2, what is 10110011110100010111010010100 + -10?
10110011110100010111010010010
In base 3, what is 1 - -12010021212102222?
12010021212110000
In base 2, what is 11111000 - -100101010001011101?
100101010101010101
In base 3, what is 2122022001211 + -22?
2122022001112
In base 13, what is 242a011b + -2?
242a0119
In base 7, what is -2301 + -543566?
-546200
In base 9, what is -240668 + -2230?
-243008
In base 15, what is 4ce + -41b0?
-3bd1
In base 3, what is 202011200202 - 221?
202011122211
In base 9, what is 143472 + 25?
143507
In base 2, what is -111000101111000 - 110110100111010?
-1101111010110010
In base 9, what is 11 + 16252757?
16252768
In base 12, what is -53 + -1b75a1?
-1b7634
In base 10, what is 6866452 - 27?
6866425
In base 14, what is 86164b9 + 4?
86164bd
In base 13, what is 19b2cb3c + 5?
19b2cb44
In base 7, what is 6540622 - 14?
6540605
In base 10, what is -10 - -5090?
5080
In base 11, what is -2894 - 33?
-2917
In base 15, what is 6b10 - a69?
6096
In base 2, what is 10001110000100101110101001 - -10?
10001110000100101110101011
In base 12, what is 827b945 + 7?
827b950
In base 8, what is -2723 - -20424?
15501
In base 10, what is 3091772 + 301?
3092073
In base 9, what is -755 - -77564?
76708
In base 13, what is -1c464c5a - 2?
-1c464c5c
In base 5, what is 202002 - 102243?
44204
In base 12, what is -74 + -2b9275b?
-2b92813
In base 7, what is -1 + -300620023?
-300620024
In base 15, what is -1620d20 - 1d?
-1620d3d
In base 15, what is -9e14 - -b77?
-928c
In base 3, what is 2 + 21011122211202?
21011122211211
In base 14, what is 11157cc0 - -4?
11157cc4
In base 11, what is 136 + -20165?
-2002a
In base 8, what is -120742 - 7?
-120751
In base 14, what is 589 - 4d38?
-478d
In base 9, what is -1 - -160428?
160427
In base 16, what is -20 - e5308?
-e5328
In base 9, what is -1361 - -127107?
125636
In base 11, what is -35 + -1477834a?
-14778384
In base 7, what is -1 + -3666560?
-3666561
In base 12, what is a2048 - -1876?
a3902
In base 15, what is -bc - -5495?
53c8
In base 4, what is 1323323113121 - -1?
1323323113122
In base 14, what is -32 - -16702?
166b0
In base 9, what is 1 + -1857268?
-1857267
In base 13, what is 17 - -333440?
333457
In base 12, what is 5 + -953b4b3?
-953b4aa
In base 9, what is -5000 - 20648?
-25648
In base 12, what is -13 - 26163bb?
-2616412
In base 3, what is 211122200 - -21110?
211221010
In base 9, what is 10774225 - 13?
10774212
In base 16, what is -aaa - -1e3e?
1394
In base 16, what is -42 + af593?
af551
In base 13, what is -5 + 13aa0037?
13aa0032
In base 5, what is -144